{"id":173,"date":"2019-07-11T09:42:27","date_gmt":"2019-07-11T09:42:27","guid":{"rendered":"http:\/\/esbelt-dk.steffenballe.com\/?page_id=173"},"modified":"2025-08-25T14:04:40","modified_gmt":"2025-08-25T14:04:40","slug":"salgsbetingelser","status":"publish","type":"page","link":"https:\/\/esbelt.dk\/index.php\/salgsbetingelser\/","title":{"rendered":"Salgsbetingelser"},"content":{"rendered":"\n<p>Salgs- og\nleveringsbetingelser<\/p>\n\n\n\n<p><strong>1 Anvendelse<\/strong><\/p>\n\n\n\n<p>1.1 Disse salgs- &amp; leveringsbetingelser finder anvendelse p\u00e5 alle salgsaftaler\nog g\u00e5r forud for k\u00f8bers eventuelle indk\u00f8bsbetingelser.<\/p>\n\n\n\n<p>Fravigelse kr\u00e6ver skriftligt samtykke fra Esbelt Aps<\/p>\n\n\n\n<p><strong>2 Tilbud og pris<\/strong><\/p>\n\n\n\n<p>2.1 Hvis andet ikke er aftalt, finder Esbelt &nbsp;til enhver tid g\u00e6ldende prisliste anvendelse.<\/p>\n\n\n\n<p>2.2 Alle priser er eksklusive merv\u00e6rdiafgift og andre offentlige afgifter.<\/p>\n\n\n\n<p>2.3 Vagttelefon p\u00e5l\u00e6gges kunden gebyr som er flg. Till\u00e6g kr. 1900,- ved opkald samt min. 4 timers overarbejde afregning.<\/p>\n\n\n\n<p><strong>3 Levering<\/strong><\/p>\n\n\n\n<p>3.1 Leveringsklausuler\nfortolkes i henhold til de ved aftalens indg\u00e5else g\u00e6ldende \u201dIncoterms (2000)\u201d.<\/p>\n\n\n\n<p>3.2 Medmindre andet er skriftligt tiltr\u00e5dt af salgschefen, sker\nlevering ex works Esbelt<\/p>\n\n\n\n<p><strong>4 Forsinkelse<\/strong><\/p>\n\n\n\n<p>4.1 Esbelt er ikke ansvarlig for forsinkelse, medmindre det<\/p>\n\n\n\n<p>dokumenteres, at Esbelt eller andre, for hvem Esbelt er ansvarlig, har\nudvist grov uagtsomhed.<\/p>\n\n\n\n<p>4.2 Esbelt er ikke ansvarlig for indirekte tab, herunder driftstab,\ntidstab eller tredjemands tab.<\/p>\n\n\n\n<p><strong>5 Betaling<\/strong><\/p>\n\n\n\n<p>5.1 Betaling skal ske i overensstemmelse med de p\u00e5 tilbud\/faktura angivne\nbetingelser.<\/p>\n\n\n\n<p>5.2 Er l\u00e6gger k\u00f8beren ikke betalingen til forfaldstid, er Esbelt berettiget\ntil at beregne sig morarenter af det forfaldne bel\u00f8b. Renten udg\u00f8r p.t. 2% pr.\np\u00e5begyndt m\u00e5ned af det til enhver tid skyldige restbel\u00f8b. Esbelt fremsender \u00e9n\ngang hver 14. dag p\u00e5krav vedr\u00f8rende betaling af forfalden ydelse, hvorved\nberegnes gebyr p\u00e5 kr. 150,00.<\/p>\n\n\n\n<p>Esbelt er ved forsinkelse med betaling berettiget til at holde varer tilbage\nfor andre indg\u00e5ede aftaler, s\u00e5 l\u00e6nge betaling ikke er indg\u00e5et. Ved forsinkelse\naf betaling af forfalden ydelse i mere end 30 dage er Esbelt berettiget til at\nh\u00e6ve samtlige indg\u00e5ede aftaler.<\/p>\n\n\n\n<p><strong>6 Ejendomsforbehold<\/strong><\/p>\n\n\n\n<p>6.1 Varerne forbliver Esbelt ejendom, indtil betalingen af samtlige bel\u00f8b\nvedr\u00f8rende leverancen er erlagt fuldt ud.<\/p>\n\n\n\n<p><strong>7 Immaterielle rettigheder<\/strong><\/p>\n\n\n\n<p>7.1 Hvis k\u00f8beren videres\u00e6lger de k\u00f8bte varer, skal disse markedsf\u00f8res og\ns\u00e6lges under de af Esbelt anviste varem\u00e6rker. K\u00f8beren m\u00e5 ikke benytte Esbelt navn\neller varem\u00e6rker p\u00e5 en m\u00e5de, der giver kunderne eller tredjem\u00e6nd indtryk af, at\nk\u00f8beren kan forpligte eller<\/p>\n\n\n\n<p>er en del af\/associeret med Esbelt<\/p>\n\n\n\n<p>7.2 K\u00f8beren m\u00e5 ikke anvende Esbelts varem\u00e6rke i forbindelse med markedsf\u00f8ring\neller salg af varer, der ikke stammer fra Esbelt<\/p>\n\n\n\n<p>7.3 K\u00f8beren er ikke berettiget til at oprette hjemmesider med dom\u00e6neregistrering\nmed anvendelse af Esbelt navnet.<\/p>\n\n\n\n<p><strong>8 Ansvarsfrihed<\/strong><\/p>\n\n\n\n<p>8.1 Al r\u00e5dgivning fra Esbelt side er alene af vejledende art, og kan derfor\nikke p\u00e5f\u00f8re Esbelt et r\u00e5dgiveransvar.<\/p>\n\n\n\n<p>8.2 Hvis det indk\u00f8bte skal inkorporeres af k\u00f8beren i dennes eller tredjemands\nprodukter, og det viser sig, at det k\u00f8bte ikke fungerer tilfredsstillende i\ndisse produkter, b\u00e6rer k\u00f8beren selv ansvaret herfor, hvis det k\u00f8bte opfylder de\naftalte specifikationer.<\/p>\n\n\n\n<p><strong>9 Returnering<\/strong><\/p>\n\n\n\n<p>9.1 Returnering af varer kan\nkun ske if\u00f8lge aftale, og alene indtil 30 dage fra fakturadato og ved franko\nfremsendelse i hel og ubeskadiget stand til Esbelt adresse og med angivelse af fakturanummer,\nreturvarenummer samt hvem hos Esbelt, der er aftalt returnering med.<\/p>\n\n\n\n<p>9.2 Specielt fremskaffede varer\n(skaffevarer) samt specielt tilvirkede varer tages ikke retur.<\/p>\n\n\n\n<p><strong>10 Ansvar for mangler<\/strong><\/p>\n\n\n\n<p>10.1 K\u00f8beren skal kontrollere og unders\u00f8ge leverancen straks ved modtagelsen.\nReklamationer over mangler skal meddeles Esbelt straks og senest 8 dage efter\nlevering. Er der synlige skader p\u00e5 varerne, skal reklamation ske senest dagen\nefter modtagelse. Hvor det drejer sig om fejlekspederede varer, skal\nreklamationen ske inden 7 dage fra fakturadato.<\/p>\n\n\n\n<p>10.2 Hvis leverancen er mangelfuld, p\u00e5tager Esbelt sig efter eget valg\nat afhj\u00e6lpe manglen, at kreditere k\u00f8ber for den<\/p>\n\n\n\n<p>mangelfulde leverance, eller alternativt at foretage<\/p>\n\n\n\n<p>omlevering. K\u00f8ber har alene krav p\u00e5 omlevering, s\u00e5fremt<\/p>\n\n\n\n<p>k\u00f8berens ret hertil efter K\u00f8beloven ikke kan fraviges.<\/p>\n\n\n\n<p>10.3 Ved afhj\u00e6lpning og ombytning skal k\u00f8ber returnere den mangelfulde\nvare. Omlevering effektueres efter modtagelse af den mangelfulde leverance.\nReturnering efter afhj\u00e6lpning og ved omlevering sker for Esbelt regning og\nrisiko.<\/p>\n\n\n\n<p>10.4 Udover det ovenfor anf\u00f8rte kan k\u00f8ber ikke rejse krav af nogen art\nmod Esbelt<\/p>\n\n\n\n<p>10.5 Foreligger der trods reklamation ikke en mangel for hvilken\nEsbelt er ansvarlig, har Esbelt krav p\u00e5 at blive godtgjort enhver udgift og at\nf\u00e5 erstatning for ethvert tab afholdt eller lidt af Esbelt som f\u00f8lge af\nreklamationen.<\/p>\n\n\n\n<p>10.6 Esbelt h\u00e6fter ikke for mangler, der skyldes fejlagtig<\/p>\n\n\n\n<p>behandling, befordring, opbevaring eller i \u00f8vrigt fors\u00f8mmelse hos\nandre end Esbelt. Esbelt ansvar omfatter kun mangler, der viser sig under en\nnormal og hensigtsm\u00e6ssig opbevaring og brug af varen.<\/p>\n\n\n\n<p>10.7 Esbelt h\u00e6fter ikke for driftstab, avancetab, tidstab, tabt arbejdsfortjeneste\nog andet indirekte tab.<\/p>\n\n\n\n<p><strong>11 Produktansvar<\/strong><\/p>\n\n\n\n<p>11.1 Bortset fra tilf\u00e6lde hvor skade og ansvar er omfattet af ufravigelige\nbestemmelser i g\u00e6ldende lov om produktansvar, g\u00e6lder f\u00f8lgende bestemmelser om Esbelt\nansvar for skade forvoldt af en defekt leverance:<\/p>\n\n\n\n<p>11.2 Esbelt er ikke ansvarlig for skade p\u00e5 fast ejendom eller l\u00f8s\u00f8re, som\nindtr\u00e6der, mens den leverede vare er i k\u00f8bers<\/p>\n\n\n\n<p>besiddelse. Esbelt er heller ikke ansvarlig for skade p\u00e5<\/p>\n\n\n\n<p>produkter, der er fremstillet af k\u00f8ber, eller hvori der indg\u00e5r<\/p>\n\n\n\n<p>produkter leveret af k\u00f8ber. <\/p>\n\n\n\n<p>11.3 Esbelt er ikke ansvarlig for indirekte tab, herunder driftstab, tidstab\nog tabt arbejdsfortjeneste.<\/p>\n\n\n\n<p>11.4 I den udstr\u00e6kning Esbelt m\u00e5tte blive p\u00e5lagt produktansvar over\nfor tredjemand, er k\u00f8ber forpligtet til at holde Esbelt skadesl\u00f8s i samme\nomfang, som Esbelt ansvar er begr\u00e6nset efter de foreg\u00e5ende punkter.<\/p>\n\n\n\n<p>11.5 De ovenfor anf\u00f8rte begr\u00e6nsninger i Esbelt ansvar g\u00e6lder ikke,\nhvis Esbelt har gjort sig skyldig i grov uagtsomhed.<\/p>\n\n\n\n<p>11.6 Hvis tredjemand frems\u00e6tter krav mod en af parterne om erstatningsansvar\ni henhold til dette punkt, skal den anden part straks underrettes herom.<\/p>\n\n\n\n<p>11.7 K\u00f8ber er forpligtet til at lade sig sags\u00f8ge ved en domstol eller voldgiftsret,\nsom behandler erstatningskrav, der er rejst mod Esbelt p\u00e5 grundlag af en skade,\nsom p\u00e5st\u00e5s for\u00e5rsaget af en af Esbelt foretagen leverance.<\/p>\n\n\n\n<p><strong>12 Force Majeure<\/strong><\/p>\n\n\n\n<p>12.1 En part h\u00e6fter ikke for manglende opfyldelse af partens forpligtelser,\nsom skyldes force majeure, herunder krig, terror, borgerlige uroligheder,\nregeringsindgreb eller indgreb af lokale myndigheder, overenskomststridig\nstrejke, import- eller eksportforbud, naturkatastrofer eller anden \u00e5rsag\nudenfor partens kontrol, og som er egnet til at hindre opfyldelsen.<\/p>\n\n\n\n<p>12.2 Er en part i mere end 6 m\u00e5neder forhindret i at opfylde sine forpligtelser,\njfr. pkt. 12.1, har hver af parterne ret til helt eller delvist at h\u00e6ve aftalen\nfor s\u00e5 vidt ang\u00e5r leverancer, som skulle have fundet sted under det p\u00e5g\u00e6ldende\ntidsrum.<\/p>\n\n\n\n<p>12.3 Den part, som vil p\u00e5ber\u00e5be sig ret i henhold til ovenst\u00e5ende, skal\nuops\u00e6ttelig skriftlig give den anden part meddelelse herom.<\/p>\n\n\n\n<p><strong>13 Ansvarsfraskrivelse<\/strong><\/p>\n\n\n\n<p>13.1 Ovenn\u00e6vnte punkter indeholder bestemmelser, efter hvilke Esbelt\nfraskriver sig et ansvar. K\u00f8ber b\u00f8r selv tegne forsikring i det omfang, k\u00f8ber\n\u00f8nsker at sikre sig mod s\u00e5danne tab, eller k\u00f8ber m\u00e5 indregne risikoen for tab i\nsin avance.<\/p>\n","protected":false},"excerpt":{"rendered":"<p>Salgs- og leveringsbetingelser 1 Anvendelse 1.1 Disse salgs- &amp; leveringsbetingelser finder anvendelse p\u00e5 alle salgsaftaler og g\u00e5r forud for k\u00f8bers eventuelle indk\u00f8bsbetingelser. Fravigelse kr\u00e6ver skriftligt samtykke fra Esbelt Aps 2 Tilbud og pris 2.1 Hvis andet ikke er aftalt, finder Esbelt &nbsp;til enhver tid g\u00e6ldende prisliste anvendelse. 2.2 Alle priser er eksklusive merv\u00e6rdiafgift og andre &hellip;<\/p>\n<p class=\"read-more\"> <a class=\"\" href=\"https:\/\/esbelt.dk\/index.php\/salgsbetingelser\/\"> <span class=\"screen-reader-text\">Salgsbetingelser<\/span> Read More &raquo;<\/a><\/p>\n","protected":false},"author":1,"featured_media":0,"parent":0,"menu_order":0,"comment_status":"closed","ping_status":"closed","template":"","meta":[],"_links":{"self":[{"href":"https:\/\/esbelt.dk\/index.php\/wp-json\/wp\/v2\/pages\/173"}],"collection":[{"href":"https:\/\/esbelt.dk\/index.php\/wp-json\/wp\/v2\/pages"}],"about":[{"href":"https:\/\/esbelt.dk\/index.php\/wp-json\/wp\/v2\/types\/page"}],"author":[{"embeddable":true,"href":"https:\/\/esbelt.dk\/index.php\/wp-json\/wp\/v2\/users\/1"}],"replies":[{"embeddable":true,"href":"https:\/\/esbelt.dk\/index.php\/wp-json\/wp\/v2\/comments?post=173"}],"version-history":[{"count":3,"href":"https:\/\/esbelt.dk\/index.php\/wp-json\/wp\/v2\/pages\/173\/revisions"}],"predecessor-version":[{"id":444,"href":"https:\/\/esbelt.dk\/index.php\/wp-json\/wp\/v2\/pages\/173\/revisions\/444"}],"wp:attachment":[{"href":"https:\/\/esbelt.dk\/index.php\/wp-json\/wp\/v2\/media?parent=173"}],"curies":[{"name":"wp","href":"https:\/\/api.w.org\/{rel}","templated":true}]}}